 - 13 - s**a - 4*s**2 + 8. Calculate c(z).
-5
Let o = -18 + 20. Let s = 2 + 0. Let x(h) = 3*h**2 - 2*h**o + s + 0*h**2 + 4. Give x(0).
6
Let x(k) = -4*k**3 + 4*k**2 + 5*k. Let u(b) = b**3 - b**2 - b + 1. Let q(f) = 5*u(f) + x(f). Calculate q(0).
5
Let f be (0 - (-18)/3)/2. Let v(c) = 3 - 5*c + 3*c - 5 + f*c. Let r(o) = -o + 12. Let x be r(8). Calculate v(x).
2
Suppose -h - 9 = -4*h + 5*l, 0 = -4*h - 3*l + 12. Let g(k) = -h - 3 - 4*k - 1 + 2 - 6*k**2 - k**3. What is g(-5)?
-10
Let c(a) be the first derivative of 0*a**2 + 1/12*a**4 - 1/120*a**6 + 1/120*a**5 + 0*a + 1 - a**3. Let x(i) be the third derivative of c(i). Determine x(2).
-8
Let p(x) be the third derivative of x**6/40 + x**5/30 - x**4/12 - 12*x**2. What is p(-2)?
-12
Let a(d) be the second derivative of -1/12*d**4 + 1/6*d**3 + 0 + 7*d**2 - 3*d. Give a(0).
14
Let g(m) = -m. Let y(n) = -2*n - 3. Let w be y(2). Calculate g(w).
7
Let a(b) = 9*b**2 - 10*b - 3. Let o(k) = 5*k**2 - 5*k - 2. Let n(p) = 4*a(p) - 7*o(p). Let u = 0 + 2. Let g be (-1 + 3)/u - -2. Give n(g).
-4
Let m(t) be the third derivative of t**6/120 + t**5/20 + t**4/6 + 2*t**3/3 - 13*t**2. Let s(a) = -2*a - 1. Let h be s(1). Determine m(h).
-8
Let c(n) = 1. Let h(q) = -4*q - 8. Let t(x) = 6*c(x) + h(x). Determine t(3).
-14
Let d(h) = -6 - 4*h**2 - 2 + 5*h - 6*h**2 + 11*h**2. What is d(-7)?
6
Suppose -3 - 3 = -3*s. Let i(g) = -4*g**3 + 8*g**2 - 9*g - 1. Let q(w) = -w**3 + 2*w**2 - 2*w. Let c(y) = 2*i(y) - 9*q(y). What is c(s)?
-2
Let d(u) = 2*u**2 - 2*u + 1. Let b be d(1). Let h(n) be the first derivative of n**3/3 - n**2 + n - 1. Give h(b).
0
Let l(s) = -4 - s - s + s. Let o be l(-4). Let c be 7 + o - (2 + 0). Let r(k) = -k**2 + 5*k - 4. Give r(c).
-4
Let p = 7 + -1. Let x(b) be the third derivative of -b**6/120 + b**5/10 - 4*b**2. What is x(p)?
0
Let d(y) = -y**2 + y - 5. Let f = 1 - 1. Let b(j) = -3*j**3 + f*j**2 - j + 2*j**2 + 2*j**3. Let a be b(1). Calculate d(a).
-5
Let v(p) = p**2 + 6*p - 6. Let y = 24 + -30. Give v(y).
-6
Let t(r) be the third derivative of -r**6/12 + r**5/30 - r**3/6 - 6*r**2. Determine t(-1).
11
Let k(u) be the first derivative of -u**3/2 - u**2 - 2*u + 4. Let y(b) be the first derivative of k(b). Calculate y(-2).
4
Let n(i) be the first derivative of 3/2*i**2 - 3 - i. Suppose 5*g + 22 = 3*k, -4*k = 4*g + 2 - 10. Calculate n(g).
-7
Suppose -g + 4 = g. Suppose g*j + 2 = -2*m + 5*m, 0 = 4*j - 20. Let a(o) = 5*o - 2*o - 5 + 0*o. Determine a(m).
7
Let h(l) = l + 1. Let i = -1 - 4. Give h(i).
-4
Let g(u) = -u**2 + 2*u - 2. Let a(v) be the first derivative of -v + 6. Let l(c) = -a(c) - g(c). What is l(3)?
6
Suppose -5*l = -2*a - 11, -l - 2 = a - 0*a. Let g be (-27)/(-6) - l/(-2). Suppose -12 = -g*t - 2. Let b(r) = -r**2 + 2*r - 2. What is b(t)?
-2
Let r be 8/32 + 26/(-8). Let m be r/(-1) - (-4)/(-1). Let i(d) = -d**2 - 2*d - 1. Calculate i(m).
0
Let w(g) = 0*g**3 - 100*g**2 + 5*g + 108*g**2 - 9 + g**3. Calculate w(-7).
5
Suppose 2*h - 6 = -0. Suppose 0 = -5*s - 10. Let u = h + s. Let d(m) = -3*m. What is d(u)?
-3
Let j be (-1)/((-15)/6 - -2). Let v(k) be the third derivative of 0 - 1/24*k**4 + 0*k + 4*k**2 - 1/60*k**5 + 1/120*k**6 + 1/6*k**3. Give v(j).
3
Let b(w) = -3*w + 1. Suppose 0*x - x + 3*m + 6 = 0, 0 = x - 2*m - 4. Suppose -4*t + x + 12 = 0. Let g = -2 + t. Calculate b(g).
-2
Let y(w) = -2*w + 5. Suppose -3*x - 17 = -29. What is y(x)?
-3
Let j = -6 - -9. Suppose -5*l + j*x = 8*x + 5, -x + 11 = 5*l. Let h(n) = -4*n**2 + 3*n - 4 + 4*n**l - 2*n**3 - n**3. Give h(3).
-4
Let m(w) = w**3 - 3*w**2 + 2*w + 2. Let l be (-4)/(-7)*105/30. Calculate m(l).
2
Let y(w) be the first derivative of w**4/2 - 2*w**3/3 - 2*w - 4. Suppose 4*q + 0*t + 15 = 5*t, 0 = -5*t + 15. Suppose 4*r + 4 - 12 = q. Give y(r).
6
Let q(p) = -6*p**2. Let l = 9 - 10. Give q(l).
-6
Let q = -4 - 0. Let f(n) = 7*n - 2. Calculate f(q).
-30
Suppose 2*u = -z, 0 = 5*z - 9 - 11. Let r(f) = 2*f**3 + 2*f**2 - 2*f - 3. What is r(u)?
-7
Let c(l) = -l + 5. Let i be (8/(-12))/((-2)/(-36)). Let a = i + 12. Determine c(a).
5
Let c(b) = -4*b**2 - b**3 - b**2 - 2 - 2*b - 2*b. Let h = 4 - 0. Let l be (h/5)/((-1)/5). Calculate c(l).
-2
Let z(s) = s**2 + 6*s - 3. Suppose 10 = -2*n + 5*w, 5*n - 1 + 26 = -2*w. What is z(n)?
-8
Let v(g) be the third derivative of 0*g**4 - 1/120*g**6 - g**2 + 0 + 1/3*g**3 - 1/20*g**5 + 0*g. Let m(b) = -b**2 + 4*b - 3. Let p be m(4). What is v(p)?
2
Let n(j) = -3*j + 20. Let w be n(8). Let s be (2 + 4)/(3/2). Let t(x) = -6*x + 1 + s*x + 3*x + 4. What is t(w)?
1
Let y be (-1 - -7) + (-8)/4. Suppose -3*n = -y*q + 12, -2*q + 3 = -q + 2*n. Let m(g) = -g**3 - g**q + g**2 + 0*g**3. Determine m(-1).
3
Let z(k) = k**2 + 1. Let j(c) = 4*c**2 - 4*c + 5. Let p(x) = -j(x) + 5*z(x). Give p(-4).
0
Let w(g) = -g - 21. Let l be w(-16). Let p(t) = 9*t + 7. Let n(y) = y. Let r(s) = 6*n(s) - p(s). Calculate r(l).
8
Let t be 34/(-5) + (-1)/5. Let v be (-32)/14 + (-2)/t. Let z(m) be the second derivative of -m**4/12 - m**3/6 - m**2 - m. What is z(v)?
-4
Let o(p) = -3*p. Let x be o(-4). Suppose -x = -5*w + 38. Let a be (-28)/6 + w/15. Let n(h) = h**2 + 2*h - 4. Give n(a).
4
Let b(h) = 2 - 11*h - 10*h - 11*h + 31*h. Give b(1).
1
Let g(o) = 2*o + 4*o + 7 - 5*o. Let t = 3 - 6. What is g(t)?
4
Suppose -s + 2*h - 3 = -4, -3*h + 3 = 0. Let j(m) = m**3 - 2*m - 3. Calculate j(s).
18
Let f be (-34)/(-9) - 4/(-18). Suppose 9*k = f*k + 5. Let i(v) = -8*v + 3 + 11*v - 2 - 9*v. Calculate i(k).
-5
Let w(r) be the first derivative of -r**3/3 + 3*r**2/2 + 4*r - 22. Determine w(-3).
-14
Let s = -1 + 3. Suppose s*b + 2 - 8 = 0. Suppose b*q = 2*q - 5. Let f(z) = z**2 + 3*z - 6. Determine f(q).
4
Suppose -2*y + 4 = 2. Let f(c) = -c**3. What is f(y)?
-1
Suppose 5*h + 0 + 25 = 0. Let g(o) be the second derivative of o**3/6 - 3*o**2 - 11*o. Give g(h).
-11
Let z(j) = j**3 + 3*j**2 + 6*j + 5. Let x(c) = -2*c**3 - 6*c**2 - 11*c - 9. Let r(v) = 6*x(v) + 11*z(v). Give r(-4).
17
Let w = 6 - 6. Let y(o) = 2*o**2 - 5*o**2 + o + w*o**2 - o**3. Determine y(-2).
-6
Let l be (-2)/8 - 50/(-8). Let d(n) = l*n - 3*n**2 - 1 + 3 + 4*n**2. Suppose z + 3 = -2. Give d(z).
-3
Let v be -1*3*1/(-12). Let h(w) be the first derivative of -v*w**4 + 1 + 1/3*w**3 + w - 3/2*w**2. Determine h(2).
-9
Suppose -3*g + 17 - 20 = 0. Let b(i) = -6*i - 1. Give b(g).
5
Let m(h) = -7 + 21*h**2 - 11*h**2 - 11*h**2 - 5*h. What is m(-5)?
-7
Let t(i) = -2*i - 2 + 3 + 1. Suppose 0 = 4*r - r - 3. Let v be (-5 - r)*(-1)/2. Determine t(v).
-4
Suppose -2*p + 3*l = -69, -5*p + 47 + 97 = 2*l. Suppose -2*u - 4*q + 9 + 3 = 0, 0 = -5*u + 5*q - p. Let r(m) = m**3 - 2*m - 1. Calculate r(u).
-5
Let l(n) = 20*n**3 + 32*n**2 - 14*n + 5. Let j(q) = -7*q**3 - 11*q**2 + 5*q - 2. Let d(k) = 17*j(k) + 6*l(k). Give d(-5).
-9
Let u(w) = -w**3 + 2*w**2 - 2*w + 2. Let h be ((-3)/6)/(-1) + (-3)/(-2). What is u(h)?
-2
Let i(u) = u - 3. Let y be i(2). Let f be (y + 2)/(5/(-5)). Let h(q) be the third derivative of q**4/24 + q**3/6 + q**2. Determine h(f).
0
Let g(a) = a - 8. Let b be g(9). Suppose -3*c - b + 7 = 0. Let i(q) = -5*q + 2. Determine i(c).
-8
Let f(v) = v**2 + v - 1. Let j be f(1). Suppose -9 = -4*u - 25. Let l = u + j. Let a(d) = -d - 2. Give a(l).
1
Suppose -i + 4*m - 2 + 0 = 0, -5*i + 4*m + 6 = 0. Let r(b) = -3*b - b + 0*b**2 - 4*b**2 + 5*b - b**3 - i. Give r(-4).
-6
Let p(h) = h + 4 + 5*h - h**2 - h - 2. Let n = 3 - -1. Calculate p(n).
6
Let x(n) = n**2 - 4*n - 7. Let r = -28 - -33. What is x(r)?
-2
Suppose 23*o - 21*o + 10 = 0. Let u(l) = 3 - l - 3. Determine u(o).
5
Let g(f) = -f**2 + 9*f + 8. Let l(p) = 6*p**2 - 46*p - 40. Let z(y) = -11*g(y) - 2*l(y). Determine z(-6).
-2
Let i = -83 + 77. Let k(f) = f**3 + 6*f**2 - f - 1. Give k(i).
5
Let l(z) = -z**2 + 6*z + 1. Let d be l(7). Let g = 6 + d. Let u(s) = s**2 - 1 - s + 1. Give u(g).
0
Let p(c) = -7*c + 1. Let q = -3 - 2. Let i(f) = 10*f - 1. Let y(r) = q*i(r) - 7*p(r). Calculate y(-4).
2
Let o(p) = 4*p**3 - p**2. Let u be -4*2/6 - (-7)/3. Determine o(u).
3
Let u(s) = -s**3 + 7*s**2 + s - 6. Suppose 4 = f - 3*r, 0 = -3*f + r + 20. Give u(f).
1
Let h(b) = -2*b**3 - 4*b**2 + 3*b - 5. Let y(z) = z**3 - z. Let o(u) = h(u) + 3*y(u). Determine o(5).
20
Let z(h) = 5*h + 25. Let a(q) = 5 - 2 - 2. Let y(v) = 25*a(v) - z(v). Determine y(-2).
10
Let l(f) = -6 - 3*f + f**2 + 11*f - 5*f.